- -455?
60e
In base 11, what is -740 - -449?
-2a2
In base 10, what is 3167 - 13?
3154
In base 13, what is 41 + -1368a?
-13649
In base 2, what is -1 + -110100001100?
-110100001101
In base 11, what is -66263 + -2?
-66265
In base 8, what is 17416 - 70?
17326
In base 7, what is -4 - -602643?
602636
In base 14, what is -1 - 141a5?
-141a6
In base 16, what is c2 + 242?
304
In base 11, what is -7 + 3325?
3319
In base 6, what is -1 + 214541?
214540
In base 3, what is -12122 + -1110?
-21002
In base 14, what is a + 25044?
25050
In base 11, what is 2411 + -4a?
2372
In base 7, what is 6125 - 4323?
1502
In base 6, what is 4205132 - 13?
4205115
In base 12, what is -2 + -43627?
-43629
In base 13, what is -17512 - 1b?
-17530
In base 6, what is 2040 - -102?
2142
In base 14, what is 4d0587 - -1?
4d0588
In base 16, what is 8b0 - -29?
8d9
In base 2, what is -11 - 11110110110110?
-11110110111001
In base 2, what is -101100010100101110 + -1?
-101100010100101111
In base 12, what is 5 - -112564?
112569
In base 4, what is -132301013 - -1?
-132301012
In base 15, what is -3 - 3cd1?
-3cd4
In base 16, what is -997e5 + -3?
-997e8
In base 6, what is -21245 - -11114?
-10131
In base 5, what is 0 - -4224212?
4224212
In base 3, what is 2202011112200 - 2?
2202011112121
In base 4, what is 11101 - -1021?
12122
In base 15, what is 62cca + 5?
62cd0
In base 2, what is -101011 + -101000001111101?
-101000010101000
In base 4, what is 30030 - -33300?
123330
In base 7, what is 4364434 + -1?
4364433
In base 13, what is -115 + -68?
-180
In base 15, what is -149 + -145?
-28e
In base 12, what is -3521 + -50?
-3571
In base 14, what is 30 + -168?
-138
In base 7, what is 4544 + -324?
4220
In base 15, what is -17898 + 11?
-17887
In base 5, what is -1114041 - -233?
-1113303
In base 2, what is -110111111 + -1010110111?
-10001110110
In base 6, what is 342053 - 1?
342052
In base 3, what is -112002100 + -222?
-112010022
In base 8, what is -6725 - -10?
-6715
In base 6, what is 52551 + -4?
52543
In base 12, what is 2bb - 2ab?
10
In base 12, what is -5 + -16ab0?
-16ab5
In base 3, what is 21110001002211 - 11?
21110001002200
In base 5, what is 1232 - 120200?
-113413
In base 4, what is -10 - 1202101?
-1202111
In base 11, what is 6 - -47a493?
47a499
In base 12, what is 5 + -16844b?
-168446
In base 4, what is -3312 + -201?
-10113
In base 8, what is -7230100 - -1?
-7230077
In base 16, what is 0 + 11f48?
11f48
In base 4, what is -3 - -1032321330?
1032321321
In base 5, what is 11322 + -101132?
-34310
In base 13, what is 1 + -b25a?
-b259
In base 6, what is -2 + 54152?
54150
In base 13, what is -1a - -21cb5?
21c98
In base 7, what is -634 + -11425?
-12362
In base 4, what is 20222202 - 3?
20222133
In base 6, what is -1 + -204105?
-204110
In base 6, what is -2 + 4223023?
4223021
In base 8, what is 1 - -273204?
273205
In base 6, what is -1 - -215103?
215102
In base 15, what is -280b + -45?
-2851
In base 13, what is 131 + 960?
a91
In base 9, what is 1 - 1150055?
-1150054
In base 2, what is 111101011000111110 + 11?
111101011001000001
In base 9, what is 3830 + 5?
3835
In base 7, what is 2 + -52606?
-52604
In base 6, what is -205331 + -14?
-205345
In base 16, what is 28c9d - 2?
28c9b
In base 8, what is -5 + 4115?
4110
In base 9, what is -343 + -12?
-355
In base 14, what is 54 - 72a?
-6b6
In base 3, what is -11001200100 - -10?
-11001200020
In base 11, what is 11 - -34a1?
3502
In base 9, what is 75 + -66180?
-66104
In base 9, what is 654 - 43?
611
In base 16, what is -19bde9 + 1?
-19bde8
In base 11, what is 1588 + -2?
1586
In base 10, what is 40390 + 3?
40393
In base 2, what is 11010010 + -111101110?
-100011100
In base 9, what is 538 - 48?
480
In base 10, what is -47 - -28991?
28944
In base 15, what is -2 + 3997?
3995
In base 6, what is -243 - -3334?
3051
In base 14, what is -5 + -11c54?
-11c59
In base 2, what is 1000 - 101000001110011?
-101000001101011
In base 3, what is 0 - -1010000021?
1010000021
In base 11, what is 21 + 456?
477
In base 7, what is -3 - 206036?
-206042
In base 8, what is -25355 + -73?
-25450
In base 15, what is -1c8 + -17?
-1e0
In base 3, what is -11102221001 - -100?
-11102220201
In base 9, what is 1 - 886661?
-886660
In base 10, what is -1015 - -78?
-937
In base 8, what is 3 - -121503?
121506
In base 11, what is -10 - -7849?
7839
In base 10, what is -295 - 682?
-977
In base 12, what is 8ba13 + -2?
8ba11
In base 16, what is 34 + -33c?
-308
In base 2, what is 1001101001 - -11100?
1010000101
In base 14, what is -ccd + -129?
-1018
In base 9, what is -3020440 + -3?
-3020443
In base 3, what is -2121 + -1102022?
-1111220
In base 13, what is -18b + -15?
-1a3
In base 16, what is 5 + -4f99?
-4f94
In base 11, what is 25a4 + -13?
2591
In base 7, what is -131 + -10512?
-10643
In base 6, what is 222 + 504212?
504434
In base 16, what is -12 - 5d2?
-5e4
In base 6, what is -1213324 - 4?
-1213332
In base 7, what is -216 - -331?
112
In base 2, what is 1011101111111011111 - -1?
1011101111111100000
In base 7, what is 113 + 106561?
110004
In base 15, what is c + -22bb?
-22ae
In base 16, what is -1561 - -6?
-155b
In base 3, what is -2102210012 - 11?
-2102210100
In base 7, what is 114 + -1?
113
In base 13, what is -20a35 + 4?
-20a31
In base 16, what is -4 + -df90?
-df94
In base 10, what is -99474 - 4?
-99478
In base 14, what is 29c16 + 3?
29c19
In base 9, what is 14 - 28250?
-28235
In base 3, what is 11 + 2210221122?
2210221210
In base 3, what is 1 + -1001122102?
-1001122101
In base 6, what is 245354 + -302?
245052
In base 14, what is c79 - 12?
c67
In base 3, what is 2002120002112 - 0?
2002120002112
In base 8, what is 130463 - 4?
130457
In base 10, what is 12155 - 5?
12150
In base 13, what is 41 + 713?
754
In base 3, what is -211112002 - -2?
-211112000
In base 3, what is -10110201201 - -2?
-10110201122
In base 3, what is -201102 + -12020?
-220122
In base 3, what is 12 + -22020101?
-22020012
In base 12, what is 41b963 - 5?
41b95a
In base 13, what is -9969 - -5?
-9964
In base 2, what is -110001 - 1011111000?
-1100101001
In base 16, what is -122e - -18?
-1216
In base 2, what is 1 + 10010100010?
10010100011
In base 11, what is 2031 - -52?
2083
In base 16, what is -3 + -6bc?
-6bf
In base 12, what is 15b1 - 0?
15b1
In base 7, what is 61 + -502?
-411
In base 11, what is -32 + a976?
a944
In base 5, what is 4130434 + 0?
4130434
In base 5, what is -34 - 343124?
-343213
In base 10, what is 150 - -281?
431
In base 8, what is 305355 - -4?
305361
In base 15, what is -c7e + 35?
-c49
In base 9, what is 1 + -11441?
-11440
In base 10, what is -1 + 1102576?
1102575
In base 16, what is -e - -320e?
3200
In base 15, what is -4740d - -d?
-47400
In base 15, what is 197 + ca?
272
In base 12, what is 1154 - 14?
1140
In base 5, what is 21432310 + 1?
21432311
In base 14, what is -2c + 91c?
8d0
In base 14, what is a54 - 60?
9d4
In base 3, what is 10000220 + -210?
10000010
In base 7, what is 1 - -5665?
5666
In base 14, what is 65d + -1685?
-1026
In base 3, what is -12 - -12011221000?
12011220211
In base 4, what is -2001211 + 0?
-2001211
In base 3, what is 10012 - -2010221021?
2011001110
In base 4, what is -110001223 + 2?
-110001221
In base 8, what is 3 + -15334?
-15331
In base 13, what is -abba - -4?
-abb6
In base 8, what is -6475 + -60?
-6555
In base 13, what is 83 - -47c?
532
In base 14, what is 1 + b7b?
b7c
In base 3, what is 12111111100 - 211?
12111110112
In base 14, what is 43483d - -2?
434841
In base 8, what is -164 + 14313?
14127
In base 4, what is 1 + -1301210013?
-1301210012
In base 6, what is 15430 - 32?
15354
In base 8, what is -447471 + 4?
-447465
In base 13, what is 8 + -6c97?
-6c8c
In base 6, what is -50 - -4425024?
4424534
In base 10, what is 65887 - -7?
65894
In base 13, what is -1474c + 4?
-14748
In base 12, what is 15aa19b - -4?
15aa1a3
In base 4, what is -12122333113 + 1?
-12122333112
In base 4, what is -223 + -111123?
-112012
In base 11, what is -26 - -322?
2a7
In base 13, what is 10516 - -4?
1051a
In base 3, what is -200 + -10110112020?
-10110112220
In base 7, what is -1012101 - 4?
-1012105
In base 14, what is 128 - -a0?
1c8
In base 13, what is 5 + 34a10?
34a15
In base 16, what is -c3d9 + 1?
-c3d8
In base 12, what is 337 + -199?
15a
In base 13, what is b1aa - 3?
b1a7
In base 3, what is 20212102212 - -11?
20212110000
In base 10, what